0. Give w(o).
-3
Let h(n) = 10*n - 22. Let u be h(8). Suppose -u - 83 = -3*y. Suppose y = -4*s + 19. Let p(t) = -2*t - 6. Determine p(s).
8
Suppose -2*k + 2 - 4 = 0, -5*k + 3 = -a. Let y(m) = -m**2 - 18*m - 11. Suppose -37*t + 16 = -21*t. Let b(q) = 4*q + 1. Let v(p) = t*y(p) + 2*b(p). What is v(a)?
7
Let b(w) be the third derivative of 11*w**4/24 + 23*w**3/3 - 7*w**2 - 69*w. What is b(-4)?
2
Let o(y) = y**2 + 8*y + 11. Let q = 1564 + -1564. What is o(q)?
11
Let m(k) = -36*k + 186. Let g = 3990 + -3985. What is m(g)?
6
Let a(c) be the second derivative of -c**6/180 + c**5/120 + c**4/6 - 127*c**3/6 - 7*c + 1. Let i(k) be the second derivative of a(k). Determine i(2).
-2
Suppose 2*u = 2 + 2, -4*i = u - 10. Suppose g = 3*v - 13, g + g - 4*v + 16 = 0. Let k(c) = -c - 1 - i*c + g*c. Determine k(5).
-6
Let d(n) = 1776*n**2 - 888*n**2 - 3 + 7*n + 5 - 889*n**2. Suppose -3*a + 105 = 2*a - 2*y, a - 3*y = 34. Suppose a = 5*w - 11. Determine d(w).
8
Let b = -343 - -347. Let a(m) = m**2 - 1. Determine a(b).
15
Let j(s) = -s**2 + 7*s**2 - 1 + 23*s - 23*s. Let g be -4*18/(-168) + 30/(-21). Give j(g).
5
Let y(u) be the second derivative of -u**4/12 + 17*u**3/6 - 17*u**2/2 + 1961*u. Suppose -40 = -7*m + 5*m + 4*f, -6 = 3*f. What is y(m)?
-1
Let s = 0 - -3. Suppose -51*w = -71*w + 60. Let m(q) = 45*q**s - 3*q**2 + 3 - 44*q**w + 6*q**2 - 3*q. What is m(-3)?
12
Let k(w) be the third derivative of -5*w**2 + 0*w + 1/12*w**5 - 5 - 7/6*w**3 + 1/120*w**6 - 1/4*w**4. Calculate k(-6).
-7
Let g(y) = 7*y**2 - y + 124. Let p(m) = 13*m**2 + 2*m + 246. Let j(r) = -11*g(r) + 6*p(r). Determine j(-9).
-14
Let g be (-9)/21 + 1695/35. Let c(d) = -g*d + 48*d + 1 + 6*d**2 + 11*d**2. What is c(-1)?
18
Let k be -11 + 28 + 6/2. Let t(v) = -1 + 58*v - 22*v - 18*v - k*v. Let o = 18 - 11. Give t(o).
-15
Let p(f) = -f + 11. Suppose 3*q - 36 = -4*u + 4, -74 = -5*q - 3*u. Calculate p(q).
-5
Let c(r) = -3*r - 16. Let g(s) = -s**3 + 32*s**2 + s - 11. Let f be g(32). Suppose 0 = -0*y - 3*y - f. Calculate c(y).
5
Let z(v) = v + 5. Let p(j) = j**3 - 43*j**2 - 46*j + 16. Let d be p(44). Let w be -13 + 13/((-104)/d). Give z(w).
1
Let x = 4 - 2. Let p be 96/24 - (-4 - -1). Let b(m) = 91*m**2 + p*m**3 - 3 - 6*m**3 + 1 - 92*m**2. Calculate b(x).
2
Let y(l) = l**3 - 2*l + 4. Let o(i) = i**2 - i - 5. Let j be o(4). Suppose 9*p - 18*p = -j*p. Determine y(p).
4
Let i(l) = 142*l + 857. Let b be i(-6). Let j(f) = 15*f - 78. Determine j(b).
-3
Let s(v) = -6*v**2 - 29*v + 2. Let c be s(-5). Let u be (0 - (-9 - -4)) + c. Let p be (-7)/8 + u/(-16). Let j(x) = 3*x**2 + x. What is j(p)?
2
Let k = -218 - -222. Let v(a) = -a**3 + 5*a**2 - 7*a + 8. Let w be v(k). Let s(m) = -3 - 2*m + m**3 + 4*m**2 + 3. Calculate s(w).
8
Let v(u) = -27*u - 24. Let b be v(-1). Let k(l) = -13*l**3 + 7*l + 6*l**2 + l - 16*l**b + 28*l**3 - 5. What is k(7)?
2
Suppose -4*j = -5*p - 2, p + 2*j - 35 = -27. Let z(i) = 6*i**3 - 2*i**2 + 2*i + 2. Calculate z(p).
46
Let l(v) be the second derivative of v**5/20 + v**4/4 - 5*v**3/6 + v**2 + 145*v - 2. Give l(-4).
6
Let v(l) = l**3 + 7*l**2 - 2*l - 6. Suppose 2*d = -8, d + 4*d + 1384 = 4*h. Let w = 334 - h. What is v(w)?
8
Let r(d) = d**2 + 6*d - 2. Let t(g) = 7*g**2 - 10*g - 18. Let j be t(-5). Let q = 200 - j. Give r(q).
5
Suppose -3*p - 27 = 3*k, 5*k + 41 = 6*p - 9*p. Let l(o) = o**2 + 14*o - 3. Give l(k).
-52
Let w(f) be the second derivative of -4*f - 1/12*f**4 - 7/2*f**2 + 4/3*f**3 + 0. Let j be 12 + (0 - (3 - -2)). Calculate w(j).
0
Let y be -2*(-1)/2*-2. Suppose 0 = r + 10 - 13. Let b(h) = -5*h + 0*h - r + 9*h + 1. Calculate b(y).
-10
Let z = 20 + -13. Let m(q) = -280*q**3 - z*q + 9*q**2 + 5 + 279*q**3 - 2*q**2. Suppose 0 = -3*j + 11 + 7. Give m(j).
-1
Suppose 14 = -2*j + 2. Let b be ((-2 + 1)*1)/((-30)/3270). Let h(n) = n**2 + b*n + 110*n - 212*n + 9. Calculate h(j).
3
Let x(j) = j**2 - 15*j + 36. Let y(d) = 2*d**2 - 109*d + 269. Let v be y(52). Determine x(v).
-18
Let r(p) = p**3 - 8*p**2 - 3*p - 45. Let u be r(9). Let b(m) = m**3 - 9*m**2 + 2*m - 11. What is b(u)?
7
Let v(b) be the second derivative of b**5/10 + 8*b**4/3 + 29*b**3/6 - 9*b**2 - 1372*b. Determine v(-15).
-3
Let k(n) = -2*n - 8. Let l be (-40)/(-30)*(1 - 154/4). Let z = 52 + l. Let j be 6*(-2 + (z - 3) + 2). Give k(j).
4
Let j(d) = -d**3 + 8*d**2 + 9*d - 67. Suppose -q = -2*l + 105 - 125, 2*l + 28 = 2*q. Give j(q).
5
Let g = -218 + 189. Let s = 21 + g. Let w(c) = -c**3 - 8*c**2 + c + 9. Calculate w(s).
1
Let a(f) be the second derivative of -f**3/6 - f**2 + 274*f. Let h(s) = s**3 - 17*s**2 + 43*s - 13. Let i be h(14). What is a(i)?
-3
Let t(m) = m**2 - 9*m + 9. Suppose 4*w - 592 + 704 = 0. Let k be 2*(-102)/w - 66/231. What is t(k)?
-5
Suppose 3*c = -2*c + 60. Let z(l) = 1. Let m(v) = -6*v - 10*v + 12 - 3*v - 4*v + 20*v. Let x(i) = c*z(i) - m(i). Give x(-1).
-3
Let r(a) = 10*a**3 + 29*a**2 + a + 14. Let i be r(-3). Let k(x) = -6*x**2 + 15*x - 5. Give k(i).
1
Let c(n) = 106*n - 530. Let g be c(5). Let u(q) be the second derivative of 0*q**2 - 1/3*q**3 - 12*q + g. Give u(-1).
2
Suppose 162*r + 46 = 185*r. Suppose r*q - 2 + 4 = 0, -4*p = 3*q + 7. Let x(i) = -28*i**3 + i**2 - 1. Calculate x(p).
28
Let w(c) = c**2 + 5*c + 1. Let t(z) = 23*z - 5. Let r be t(-5). Let k be 1/((68/r)/(-17)). Suppose -9*m + 4*m = k. Calculate w(m).
7
Let u(v) = 2*v - 45. Let h(f) = -f**3 - 29*f**2 - 201*f - 36. Let y be h(-18). Calculate u(y).
-9
Let j(n) = -1700 + 5099 - 4*n + 6*n**2 - 1699 - 4*n**3 + 0*n - 1696 + 3*n**3. Let a = 17 - 12. What is j(a)?
9
Suppose -17 = 3*x - 5. Let u be (x - (-34)/9)*-9. Let r(w) = -w + u - 1 + w**2 - 4 + 0. Give r(0).
-3
Let n(c) = 3*c**3 - 86*c**2 + 49*c - 22. Let x(j) = j**3 - 43*j**2 + 24*j - 9. Let h(q) = 3*n(q) - 7*x(q). Give h(-22).
-25
Let h(y) = 51*y - 453. Suppose 0 = 448*u - 336 - 3696. Calculate h(u).
6
Let w(i) = -53*i + 1014. Let a be w(19). Let z(b) = -b**2 + 4*b + 9. What is z(a)?
-12
Let h(r) = r**2 - 7*r + 9. Suppose 0*c + 2*c - 16 = t, 44 = 4*c - 5*t. Suppose -5*k - 15 = -5*n, 3*n - 29 = -7*k + c*k. Determine h(n).
17
Let w(v) = -v**2 + 6*v + 6. Suppose -25*a + 22 = 2*q - 20*a, 2*q - 2*a = 8. What is w(q)?
6
Let n(i) = -6*i**2 + 26*i + 15. Let o be n(5). Let c(g) = 6*g + 11. What is c(o)?
-19
Let z be 6*(40/5)/((-2 + 1)*-6). Let l(r) = r**2 + 2*r - 17. Determine l(z).
63
Let c(o) = -6 - 50*o + 51*o + 4. Let b(z) = -21*z**3 - z**2 + 3*z - 9. Let u(i) = -b(i) + 4*c(i). Calculate u(-1).
-20
Let s(t) = t**2 - 7*t - 4. Let c = -40 - -68. Let d = c - 21. Let x be s(d). Let m(n) = n + 2. Calculate m(x).
-2
Let r(l) = -3*l + 13. Let b be (-108)/(-42)*(-112)/(-12). Let s be -3 + 4 + (b - 20). Give r(s).
-2
Let h(b) = b**2 - 11*b - 6. Let u(i) be the second derivative of -i**4/6 + 7*i**3/3 + 3*i**2 + 66*i. Let m(t) = 3*h(t) + 2*u(t). Calculate m(-6).
-12
Let x(p) = 7*p**2 + 148*p + 20. Let r be x(-21). Let n be (r/5*4)/((-9)/(-45)). Let l(w) = 3*w**2 + 1 - 4*w**2 - 7 - 7*w. Give l(n).
6
Let s = 6 + 1. Suppose -2*j = -s*j + 15. Let t(z) = 86*z - 28. Let k(y) = -37*y + 12. Let v(o) = -7*k(o) - 3*t(o). Calculate v(j).
3
Suppose -4*t - 30 = -4*p - 14, -3*t - 8 = -p. Let z(y) = -6*y**p + 44 - 8*y**3 - 7*y - 7*y**3 - 49 + 14*y**3. Calculate z(-5).
5
Suppose 2*w + 59*b = 64*b + 12, 0 = b + 2. Let s(i) = -11*i**2 + 3*i - 2. Calculate s(w).
-10
Let h = 2 - 0. Let k be h - (2 - -1) - 1. Let a(s) = -s**2 + 4*s + 21. Let n(z) = -4*z**2 + 12*z + 69. Let t(y) = 10*a(y) - 3*n(y). Determine t(k).
3
Let m(h) = -3*h**2 + h - 1. Let n(k) = -209 - k - 2*k**2 + 103 + 108. Let l(b) = -m(b) + 2*n(b). Determine l(-5).
-5
Let m(r) = -r - 32. Let c = 6205 - 6198. Determine m(c).
-39
Let j(x) = -971 + 2*x - x + 986. Suppose -u - 10 = -6*i + 2*i, -2*u - 20 = -i. Calculate j(u).
5
Let l(v) = v**2 + 12*v - 41. Let b be -23 + (-42)/(-84)*6*3. What is l(b)?
-13
Let c(r) = 2424*r + 2430*r - 4853*r + 3*r**2. Suppose -4*z + 3*k + 19 = 0, 3*z + 2*k + 3 + 4 = 0. Calculate c(z).
4
Let n(m) = 6*m + 8. Let s(g) = 8 - g - 4*g - 15. Let y = -47 - -51. Let b(h) = y*s(h) + 3*n(h). Determine b(-4).
4
Let j be (-61)/5 - (-56)/(-70). Let g(k) = -k**2 - 13*k + 22. Let f(m) = 3*m**2 + 39*m - 63. Let s(t) = 6*f(t) + 17*g(t). Give s(j).
-4
Let g(i) = i**2 - 50*i + 580. Let c be g(18). Let j(h) = -h**2 + 18*h - 59. Determine j(c).
-3
Let l be (-6)/(-51